{"id":149,"date":"2023-08-16T19:43:57","date_gmt":"2023-08-16T17:43:57","guid":{"rendered":"https:\/\/www.bccf.ovh\/?page_id=149"},"modified":"2023-09-06T13:03:52","modified_gmt":"2023-09-06T11:03:52","slug":"chiens-visiteurs","status":"publish","type":"page","link":"https:\/\/www.bccf.ovh\/index.php\/chiens-visiteurs\/","title":{"rendered":"Le Chien Visiteur"},"content":{"rendered":"\n<p>Le chien partage depuis plus de 15.000 ans son existence avec la n\u00f4tre. Le fruit de cette longue cohabitation, une relation forte et profonde, permet des \u00e9changes privil\u00e9gi\u00e9s.<\/p>\n\n\n\n<p>Gr\u00e2ce \u00e0 l\u2019\u00c9cole du chiot, les ma\u00eetres peuvent pr\u00e9parer une cohabitation harmonieuse. Gr\u00e2ce \u00e0 la M\u00e9thode Naturelle ils peuvent \u00e9duquer de mani\u00e8re \u00e9thologique dans la complicit\u00e9 et la douceur afin de partager des activit\u00e9s sportives : Agility, Ob\u00e9issance, Dog-Dancing, Flyball, Frisbee\u2026<\/p>\n\n\n<div class=\"wp-block-image\">\n<figure class=\"alignright size-large is-resized\"><img loading=\"lazy\" decoding=\"async\" src=\"https:\/\/www.bccf.ovh\/wp-content\/uploads\/2023\/09\/Chien-visiteur-1-1024x768.jpg\" alt=\"\" class=\"wp-image-650\" style=\"width:420px;height:315px\" width=\"420\" height=\"315\" srcset=\"https:\/\/www.bccf.ovh\/wp-content\/uploads\/2023\/09\/Chien-visiteur-1-1024x768.jpg 1024w, https:\/\/www.bccf.ovh\/wp-content\/uploads\/2023\/09\/Chien-visiteur-1-600x450.jpg 600w, https:\/\/www.bccf.ovh\/wp-content\/uploads\/2023\/09\/Chien-visiteur-1-300x225.jpg 300w, https:\/\/www.bccf.ovh\/wp-content\/uploads\/2023\/09\/Chien-visiteur-1-768x576.jpg 768w, https:\/\/www.bccf.ovh\/wp-content\/uploads\/2023\/09\/Chien-visiteur-1-360x270.jpg 360w, https:\/\/www.bccf.ovh\/wp-content\/uploads\/2023\/09\/Chien-visiteur-1.jpg 1134w\" sizes=\"auto, (max-width: 420px) 100vw, 420px\" \/><\/figure>\n<\/div>\n\n\n<p>Forts de ces exp\u00e9riences, il nous faut maintenant franchir un nouveau cap afin d\u2019utiliser le chien dans des nouveaux secteurs d\u2019intervention tels que la p\u00e9diatrie, la psychiatrie, les activit\u00e9s p\u00e9dagogiques, etc\u2026<\/p>\n\n\n\n<p>En effet, des bienfaits ont \u00e9t\u00e9 constat\u00e9s et prouv\u00e9s scientifiquement sur les plans physiques, psychologiques et sociaux avec des effets \u00e0 court terme et \u00e0 long terme, dans les h\u00f4pitaux et les maisons de retraite en tant qu\u2019auxiliaire de sant\u00e9 humaine, dans les \u00e9coles pour la p\u00e9dagogie li\u00e9e au vivant et la pr\u00e9vention des morsures, dans les quartiers d\u00e9favoris\u00e9s pour apprendre aux jeunes la communication et le respect de l\u2019autre.<\/p>\n\n\n\n<p>Sans compter que c\u2019est \u00e0 travers ce type d\u2019utilisation du chien \u00ab visiteur \u00bb que la cynophilie obtient une tr\u00e8s bonne image de marque.<\/p>\n\n\n\n<p>Vous en serez les Ambassadeurs.<\/p>\n\n\n\n<p><strong><u>Historique :<\/u><\/strong><\/p>\n\n\n\n<p>On ne peut parler de \u00ab Chiens Visiteurs \u00bb sans aborder, m\u00eame de mani\u00e8re succincte, l\u2019historique de la Th\u00e9rapie Facilit\u00e9e ou Assist\u00e9e par les Animaux (TFA ou TAA) qui n\u2019est pas si ancienne que cela. Nos voisins anglo-saxons, eux, utilisent plut\u00f4t le terme de zooth\u00e9rapie.<\/p>\n\n\n\n<p>La premi\u00e8re trace remonte en 1792, justement en Angleterre, dans une institution pour malades mentaux o\u00f9 de petits animaux (poules, lapins\u2026) sont utilis\u00e9s afin de leur rendre un minimum de confiance en eux-m\u00eames en leur apprenant \u00e0 prendre soin d\u2019eux.<\/p>\n\n\n\n<p>En 1867 \u00e0 Biesfield, en Allemagne, les animaux sont utilis\u00e9s avec les \u00e9pileptiques car leur pr\u00e9sence \u00e9tait consid\u00e9r\u00e9e comme b\u00e9n\u00e9fique.<\/p>\n\n\n\n<p>Plus r\u00e9cemment, durant la seconde guerre mondiale, les pilotes bless\u00e9s et convalescents de l\u2019Air Force furent soign\u00e9s par la Croix-Rouge am\u00e9ricaine dans un centre de l\u2019\u00e9tat de New York, \u00e0 Pawling, o\u00f9 l\u2019on notait la pr\u00e9sence d\u2019animaux (b\u00e9tail, chevaux, volaille..). Ceux-ci les aidaient \u00e0 se remettre de leur \u00e9tat.<\/p>\n\n\n\n<p>Mais c\u2019est le professeur de psychiatrie et psychologue pour enfants, Boris LEVINSON, qui, \u00e0 la fin des ann\u00e9es 1950, avec l\u2019aide involontaire de son chien Jingles, pr\u00e9sent accidentellement lors d\u2019une consultation \u00e0 son bureau, \u00e9vita l\u2019internement de Johnny, un enfant quasiment autiste. En effet, celui-ci sortit de son mutisme pour s\u2019occuper du chien. En renouvelant les visites, l\u2019\u00e9tat de l\u2019enfant s\u2019am\u00e9liora au point qu\u2019il n\u2019eut pas besoin d\u2019\u00eatre intern\u00e9.<\/p>\n\n\n\n<p>Une nouvelle th\u00e9rapie venait de voir le jour.<\/p>\n\n\n\n<p>\u00c0 partir de l\u00e0, les exp\u00e9riences all\u00e8rent en augmentant et en se diversifiant de par leur secteur d\u2019intervention : psychiatrie, personnes \u00e2g\u00e9es, r\u00e9insertion, milieu carc\u00e9ral, aide \u00e0 la r\u00e9\u00e9ducation fonctionnelle, p\u00e9diatrie, relaxation, activit\u00e9s p\u00e9dagogiques, etc.<\/p>\n\n\n\n<p>Mais l\u2019animal n\u2019est pas un m\u00e9dicament, ni un th\u00e9rapeute \u00e0 part enti\u00e8re. Pour le psychiatre Marcos EINIS \u00ab l \u2019animal de compagnie est m\u00e9diateur, substitut et aussi \u00ab coth\u00e9rapeute \u00bb\u00bb.<br>On peut ainsi dire qu\u2019il est th\u00e9rapeute malgr\u00e9 lui.<\/p>\n\n\n\n<p>Il nous faut maintenant faire un nouveau pas en avant \u00e0 la rencontre des humains et utiliser ainsi le chien pour les b\u00e9n\u00e9fices qu\u2019il peut leur apporter lors de visites \u00e0 domicile ou en institution. Ceux-ci sont nombreux, tant sur le plan physique que psychologique ou social.<\/p>\n\n\n\n<p>Sur le plan physique, on observe une diminution de la pression sanguine et du rythme cardiaque chez les personnes contemplant un animal, une diminution de l\u2019ordre de 50% des probl\u00e8mes mineurs de sant\u00e9 chez les possesseurs d\u2019animaux, une diminution des taux de cholest\u00e9rol, des triglyc\u00e9rides, etc.<\/p>\n\n\n\n<p>Sur le plan psychologique, on peut noter une diminution du stress quotidien, un effet anti-d\u00e9presseur, car le chien est un d\u00e9rivatif \u00e0 l\u2019angoisse, \u00e0 l\u2019ennui.<\/p>\n\n\n\n<div class=\"wp-block-columns is-layout-flex wp-container-core-columns-is-layout-9d6595d7 wp-block-columns-is-layout-flex\">\n<div class=\"wp-block-column is-layout-flow wp-block-column-is-layout-flow\">\n<figure class=\"wp-block-image size-full\"><img loading=\"lazy\" decoding=\"async\" width=\"462\" height=\"623\" src=\"https:\/\/www.bccf.ovh\/wp-content\/uploads\/2023\/09\/Chien-visiteur-4.jpg\" alt=\"\" class=\"wp-image-651\" srcset=\"https:\/\/www.bccf.ovh\/wp-content\/uploads\/2023\/09\/Chien-visiteur-4.jpg 462w, https:\/\/www.bccf.ovh\/wp-content\/uploads\/2023\/09\/Chien-visiteur-4-222x300.jpg 222w, https:\/\/www.bccf.ovh\/wp-content\/uploads\/2023\/09\/Chien-visiteur-4-200x270.jpg 200w\" sizes=\"auto, (max-width: 462px) 100vw, 462px\" \/><\/figure>\n\n\n\n<p style=\"font-size:14px\"><\/p>\n<\/div>\n\n\n\n<div class=\"wp-block-column is-layout-flow wp-block-column-is-layout-flow\">\n<div style=\"height:244px\" aria-hidden=\"true\" class=\"wp-block-spacer\"><\/div>\n\n\n\n<figure class=\"wp-block-image size-large\"><img loading=\"lazy\" decoding=\"async\" width=\"1024\" height=\"1024\" src=\"https:\/\/www.bccf.ovh\/wp-content\/uploads\/2023\/09\/Chien-visiteur-2-1024x1024.jpg\" alt=\"\" class=\"wp-image-652\" srcset=\"https:\/\/www.bccf.ovh\/wp-content\/uploads\/2023\/09\/Chien-visiteur-2-1024x1024.jpg 1024w, https:\/\/www.bccf.ovh\/wp-content\/uploads\/2023\/09\/Chien-visiteur-2-300x300.jpg 300w, https:\/\/www.bccf.ovh\/wp-content\/uploads\/2023\/09\/Chien-visiteur-2-100x100.jpg 100w, https:\/\/www.bccf.ovh\/wp-content\/uploads\/2023\/09\/Chien-visiteur-2-600x600.jpg 600w, https:\/\/www.bccf.ovh\/wp-content\/uploads\/2023\/09\/Chien-visiteur-2-150x150.jpg 150w, https:\/\/www.bccf.ovh\/wp-content\/uploads\/2023\/09\/Chien-visiteur-2-768x768.jpg 768w, https:\/\/www.bccf.ovh\/wp-content\/uploads\/2023\/09\/Chien-visiteur-2-270x270.jpg 270w, https:\/\/www.bccf.ovh\/wp-content\/uploads\/2023\/09\/Chien-visiteur-2.jpg 1242w\" sizes=\"auto, (max-width: 1024px) 100vw, 1024px\" \/><\/figure>\n<\/div>\n<\/div>\n\n\n\n<p><strong><u>Dans les \u00e9coles :<\/u><\/strong><\/p>\n\n\n\n<p>Le but recherch\u00e9 sera principalement p\u00e9dagogique et devra \u00eatre trait\u00e9 en collaboration avec le corps enseignant.<\/p>\n\n\n\n<p>Il est tout \u00e0 fait possible d\u2019animer un cours th\u00e9orique sur le chien par de la pratique :<br>comment aborder un chien, comment d\u00e9coder ses attitudes, comment \u00e9viter les morsures dont les enfants sont malheureusement les premi\u00e8res victimes.<\/p>\n\n\n\n<p><strong><u>\u00c0 quand l\u2019int\u00e9gration au programme scolaire ?<\/u><\/strong><\/p>\n\n\n\n<p>Il est aussi possible de faire des d\u00e9monstrations de certaines activit\u00e9s canines comme l\u2019Agility ou l\u2019Ob\u00e9rythm\u00e9e. Cela permettra de sensibiliser un public jeune et d\u2019en tirer des b\u00e9n\u00e9fices certains de part et d\u2019autre.<\/p>\n\n\n\n<p>Le chien est un merveilleux compagnon de jeu pour l\u2019enfant, un auditeur infatigable. Il est utile dans son d\u00e9veloppement psychoaffectif et peut m\u00eame \u00eatre un substitut de fr\u00e8re ou de s\u0153ur.<\/p>\n\n\n\n<p>Dans les centres m\u00e9dicaux-sociaux, les maisons de retraites :<\/p>\n\n\n\n<p>Le chien est un visiteur tr\u00e8s attendu qui emm\u00e8ne un peu de joie et de r\u00e9confort \u00e0 des personnes qui ne demandent que cela.<\/p>\n\n\n\n<p>Il participe m\u00eame au maintien de la condition physique de par les mouvements qu\u2019il leur fait faire.<\/p>\n\n\n\n<p>De nombreux souvenirs remontent aussi \u00e0 la surface, ce qui est bien pour le travail de la m\u00e9moire.<\/p>\n\n\n\n<p>Mais c\u2019est toujours avec autant de regrets que les r\u00e9sidents voient s\u2019en aller leurs amis \u00e0 quatre pattes\u2026<\/p>\n\n\n\n<p>Ils attendent d\u00e9j\u00e0 avec impatience la prochaine visite qui sera \u00e0 nouveau synonyme de Bonheur!<\/p>\n\n\n\n<p><strong><u>Dans les h\u00f4pitaux :<\/u><\/strong><\/p>\n\n\n\n<p>M\u00eame si l\u2019acc\u00e8s est plus difficile, le chien peut \u00eatre un excellent auxiliaire.<\/p>\n\n\n\n<p>Il a son r\u00f4le en tant que m\u00e9diateur th\u00e9rapeutique en psychiatrie par exemple.<\/p>\n\n\n\n<p>Il peut aussi participer \u00e0 la r\u00e9\u00e9ducation, au bien-\u00eatre des personnes hospitalis\u00e9es, etc.<\/p>\n\n\n\n<p>Les principales r\u00e9ticences viennent du fait de l\u2019hygi\u00e8ne mais c\u2019est un vrai-faux probl\u00e8me car il existe des solutions pour garantir celle-ci. De plus, avec le recul, on s\u2019aper\u00e7oit du tr\u00e8s faible risque par rapport \u00e0 tous les b\u00e9n\u00e9fices apport\u00e9s.<\/p>\n\n\n\n<p>Il est clair que le chien ne pourra jamais acc\u00e9der \u00e0 certaines \u00ab zones sensibles \u00bb, mais il est aussi vrai que tout ce qui est nouveau fait un peu peur\u2026<\/p>\n\n\n\n<p>Plus nous serons nombreux \u00e0 pratiquer s\u00e9rieusement cette Activit\u00e9 Associ\u00e9e \u00e0 l\u2018Animal (AAA), mieux ce sera. Nous pourrons ainsi en faire profiter plus d\u2019enfants, de personnes \u00e2g\u00e9es ou de malades. De nouvelles portes, jusque-l\u00e0 ferm\u00e9es, s\u2019ouvriront alors. Aussi, n\u2019h\u00e9sitez plus\u2026 rejoignez-nous !<\/p>\n\n\n<div class=\"wp-block-image\">\n<figure class=\"alignleft size-large is-resized\"><img loading=\"lazy\" decoding=\"async\" src=\"https:\/\/www.bccf.ovh\/wp-content\/uploads\/2023\/09\/Chien-visiteur-3-1024x882.jpg\" alt=\"\" class=\"wp-image-653\" style=\"width:434px;height:374px\" width=\"434\" height=\"374\" srcset=\"https:\/\/www.bccf.ovh\/wp-content\/uploads\/2023\/09\/Chien-visiteur-3-1024x882.jpg 1024w, https:\/\/www.bccf.ovh\/wp-content\/uploads\/2023\/09\/Chien-visiteur-3-600x517.jpg 600w, https:\/\/www.bccf.ovh\/wp-content\/uploads\/2023\/09\/Chien-visiteur-3-300x259.jpg 300w, https:\/\/www.bccf.ovh\/wp-content\/uploads\/2023\/09\/Chien-visiteur-3-768x662.jpg 768w, https:\/\/www.bccf.ovh\/wp-content\/uploads\/2023\/09\/Chien-visiteur-3-1536x1324.jpg 1536w, https:\/\/www.bccf.ovh\/wp-content\/uploads\/2023\/09\/Chien-visiteur-3-313x270.jpg 313w, https:\/\/www.bccf.ovh\/wp-content\/uploads\/2023\/09\/Chien-visiteur-3.jpg 1887w\" sizes=\"auto, (max-width: 434px) 100vw, 434px\" \/><\/figure>\n<\/div>\n\n\n<p>Ceux qui pratiquent d\u00e9j\u00e0 savent ce que l\u2019on peut ressentir face \u00e0 un visage qui s\u2019illumine\u2026 Pour les autres, vous le d\u00e9couvrirez le jour o\u00f9 vous pratiquerez cette activit\u00e9. Vous serez largement r\u00e9compens\u00e9 quand, comme cela m\u2019est d\u00e9j\u00e0 arriv\u00e9, un patient vous dira : \u00ab \u2026quand je suis avec les chiens, j\u2019oublie que je suis malade\u2026 \u00bb.<\/p>\n\n\n\n<p>Une fois de plus le meilleur Ami de l\u2019homme nous montre l\u2019exemple : il donne, sans rien attendre en retour, simplement pour nous faire plaisir\u2026 De plus, lui, ne juge pas\u2026<\/p>\n\n\n\n<p><strong><em>Source&nbsp;: Centrale Canine<\/em><\/strong><\/p>\n\n\n\n<hr class=\"wp-block-separator has-alpha-channel-opacity\"\/>\n\n\n\n<div class=\"wp-block-buttons is-content-justification-center is-layout-flex wp-container-core-buttons-is-layout-16018d1d wp-block-buttons-is-layout-flex\">\n<div class=\"wp-block-button\"><a class=\"wp-block-button__link wp-element-button\" href=\"https:\/\/www.bccf.ovh\/index.php\/troupeau\/\">Troupeau<\/a><\/div>\n\n\n\n<div class=\"wp-block-button\"><a class=\"wp-block-button__link wp-element-button\">Pistage<\/a><\/div>\n\n\n\n<div class=\"wp-block-button\"><a class=\"wp-block-button__link wp-element-button\" href=\"https:\/\/www.bccf.ovh\/index.php\/cavage\/\">Cavage<\/a><\/div>\n<\/div>\n","protected":false},"excerpt":{"rendered":"<p>Le chien partage depuis plus de 15.000 ans son existence avec la n\u00f4tre. Le fruit de cette longue cohabitation, une relation forte et profonde, permet des \u00e9changes privil\u00e9gi\u00e9s. Gr\u00e2ce \u00e0 l\u2019\u00c9cole du chiot, les ma\u00eetres peuvent pr\u00e9parer une cohabitation harmonieuse. Gr\u00e2ce \u00e0 la M\u00e9thode Naturelle ils peuvent \u00e9duquer de mani\u00e8re \u00e9thologique dans la complicit\u00e9 et la douceur afin de partager des activit\u00e9s sportives : Agility, Ob\u00e9issance, Dog-Dancing, Flyball, Frisbee\u2026 Forts de ces exp\u00e9riences, il nous faut maintenant franchir un nouveau&#8230;<\/p>\n<p class=\"read-more\"><a class=\"btn btn-default\" href=\"https:\/\/www.bccf.ovh\/index.php\/chiens-visiteurs\/\">Lire la suite<span class=\"screen-reader-text\"> Lire la suite<\/span><\/a><\/p>\n","protected":false},"author":1,"featured_media":0,"parent":0,"menu_order":0,"comment_status":"closed","ping_status":"closed","template":"","meta":{"footnotes":""},"class_list":["post-149","page","type-page","status-publish","hentry"],"_links":{"self":[{"href":"https:\/\/www.bccf.ovh\/index.php\/wp-json\/wp\/v2\/pages\/149","targetHints":{"allow":["GET"]}}],"collection":[{"href":"https:\/\/www.bccf.ovh\/index.php\/wp-json\/wp\/v2\/pages"}],"about":[{"href":"https:\/\/www.bccf.ovh\/index.php\/wp-json\/wp\/v2\/types\/page"}],"author":[{"embeddable":true,"href":"https:\/\/www.bccf.ovh\/index.php\/wp-json\/wp\/v2\/users\/1"}],"replies":[{"embeddable":true,"href":"https:\/\/www.bccf.ovh\/index.php\/wp-json\/wp\/v2\/comments?post=149"}],"version-history":[{"count":0,"href":"https:\/\/www.bccf.ovh\/index.php\/wp-json\/wp\/v2\/pages\/149\/revisions"}],"wp:attachment":[{"href":"https:\/\/www.bccf.ovh\/index.php\/wp-json\/wp\/v2\/media?parent=149"}],"curies":[{"name":"wp","href":"https:\/\/api.w.org\/{rel}","templated":true}]}}